he prime factors of 129071214.
2, 3, 547, 13109
List the prime factors of 517846236.
2, 3, 41, 1052533
List the prime factors of 489644695.
5, 97928939
What are the prime factors of 499241145?
3, 5, 13, 2560211
What are the prime factors of 1503894500?
2, 5, 3007789
List the prime factors of 152580139.
251, 607889
What are the prime factors of 1242484067?
11, 112953097
List the prime factors of 25919162.
2, 31, 418051
List the prime factors of 162966760.
2, 5, 11, 17, 21787
What are the prime factors of 312430603?
9461, 33023
List the prime factors of 1393877665.
5, 15497, 17989
List the prime factors of 41029785.
3, 5, 911773
What are the prime factors of 21815749?
43, 181, 2803
What are the prime factors of 497445617?
839, 592903
What are the prime factors of 2801852829?
3, 59, 83, 21191
What are the prime factors of 371764113?
3, 7, 311, 56923
What are the prime factors of 4051961331?
3, 11, 151, 813157
What are the prime factors of 308244340?
2, 5, 17, 906601
What are the prime factors of 6569831?
37, 4799
What are the prime factors of 829680790?
2, 5, 19, 4366741
List the prime factors of 794781900.
2, 3, 5, 11, 43, 1867
List the prime factors of 2752905414.
2, 3, 7, 65545367
List the prime factors of 737809675.
5, 127, 232381
What are the prime factors of 4192098145?
5, 2549, 328921
What are the prime factors of 390648300?
2, 3, 5, 7, 186023
List the prime factors of 218844919.
347, 630677
What are the prime factors of 215831991?
3, 67, 1073791
List the prime factors of 82802990.
2, 5, 23, 173, 2081
What are the prime factors of 624747267?
3, 69416363
What are the prime factors of 1189479939?
3, 563, 704251
List the prime factors of 210593578.
2, 13, 1033, 7841
List the prime factors of 652025633.
7, 17, 2221, 2467
List the prime factors of 86781534.
2, 3, 7, 857, 2411
What are the prime factors of 101398027?
101398027
List the prime factors of 1271376729.
3, 7, 249143
What are the prime factors of 307587442?
2, 263, 584767
List the prime factors of 62517238.
2, 7, 47, 277
List the prime factors of 60318895.
5, 7, 13, 43, 3083
List the prime factors of 357563709.
3, 73, 109, 4993
What are the prime factors of 117973786?
2, 7, 31, 271829
List the prime factors of 558245496.
2, 3, 131, 353, 503
List the prime factors of 32105932.
2, 8026483
What are the prime factors of 13641864?
2, 3, 521, 1091
List the prime factors of 370626390.
2, 3, 5, 31, 71, 1871
What are the prime factors of 67724453?
67724453
What are the prime factors of 595083428?
2, 148770857
What are the prime factors of 329070799?
53, 241, 25763
What are the prime factors of 207732060?
2, 3, 5, 37, 281
What are the prime factors of 151976907?
3, 29, 179, 3253
What are the prime factors of 921323858?
2, 7, 13, 5062219
What are the prime factors of 41904316?
2, 61, 263, 653
List the prime factors of 762032883.
3, 254010961
List the prime factors of 342456581.
342456581
List the prime factors of 1380877409.
167, 277, 29851
List the prime factors of 786201433.
23, 1697, 20143
List the prime factors of 119919869.
5659, 21191
List the prime factors of 326439790.
2, 5, 32643979
List the prime factors of 135964230.
2, 3, 5, 601, 7541
What are the prime factors of 134965335?
3, 5, 467, 19267
What are the prime factors of 765440687?
11, 69585517
List the prime factors of 32106841.
13, 2469757
List the prime factors of 46873611.
3, 5208179
List the prime factors of 173245371.
3, 13, 4442189
List the prime factors of 458027115.
3, 5, 7, 13, 307, 1093
List the prime factors of 83863572.
2, 3, 13, 537587
What are the prime factors of 763453859?
7, 1097, 2029
List the prime factors of 86841979.
7, 29, 61, 7013
List the prime factors of 696700214.
2, 7, 49764301
What are the prime factors of 5824361334?
2, 3, 11, 29, 193, 15767
What are the prime factors of 53297036?
2, 13, 1024943
What are the prime factors of 18691084?
2, 79, 59149
List the prime factors of 1306926.
2, 3, 17, 4271
What are the prime factors of 6843775?
5, 17, 16103
What are the prime factors of 147081605?
5, 11, 293, 9127
What are the prime factors of 3244850022?
2, 3, 59, 9166243
List the prime factors of 1436372194.
2, 17, 2485073
List the prime factors of 255774240.
2, 3, 5, 59207
What are the prime factors of 1727716769?
31, 71, 73, 10753
List the prime factors of 2993861897.
13, 101, 2280169
List the prime factors of 527986424.
2, 7, 53, 177893
List the prime factors of 4437609846.
2, 3, 541, 1367101
List the prime factors of 33187374.
2, 3, 11, 55871
What are the prime factors of 185831320?
2, 5, 4645783
What are the prime factors of 5173912271?
11, 137, 3433253
List the prime factors of 10274561.
11, 934051
List the prime factors of 42425633.
42425633
List the prime factors of 1931615651.
7, 283, 975071
List the prime factors of 2089514809.
2089514809
What are the prime factors of 1404895887?
3, 52033181
What are the prime factors of 1908821700?
2, 3, 5, 19, 79, 157
What are the prime factors of 8158015?
5, 1237, 1319
List the prime factors of 186885110.
2, 5, 67, 73, 3821
What are the prime factors of 2995099419?
3, 13, 3299, 23279
What are the prime factors of 16689028?
2, 4172257
List the prime factors of 954461678.
2, 4139, 115301
List the prime factors of 265865088.
2, 3, 47, 14731
List the prime factors of 110469811.
131, 281, 3001
What are the prime factors of 230746839?
3, 76915613
What are the prime factors of 459610?
2, 5, 19, 41, 59
List the prime factors of 2624059545.
3, 5, 174937303
What are the prime factors of 178399700?
2, 5, 17, 6173
List the prime factors of 59789037.
3, 7, 11, 258827
List the prime factors of 1279115850.
2, 3, 5, 8527439
What are the prime factors of 5628546670?
2, 5, 562854667
List the prime factors of 3344498199.
3, 7, 19, 337, 8291
What are the prime factors of 46846181?
37, 1266113
List the prime factors of 583704624.
2, 3, 19, 640027
List the prime factors of 700307049.
3, 13, 59, 304349
List the prime factors of 20087739.
3, 7, 67, 4759
What are the prime factors of 13426080?
2, 3, 5, 83, 337
List the prime factors of 382455159.
3, 179, 521, 1367
What are the prime factors of 941618106?
2, 3, 11, 13, 37, 9887
What are the prime factors of 294486333?
3, 98162111
List the prime factors of 1182727508.
2, 673, 439349
What are the prime factors of 279695218?
2, 11, 107, 131, 907
What are the prime factors of 157169506?
2, 13, 6044981
List the prime factors of 451689584.
2, 19, 1485821
What are the prime factors of 2534319000?
2, 3, 5, 97, 2903
List the prime factors of 109136194.
2, 59, 617, 1499
List the prime factors of 5715103045.
5, 281, 647, 6287
What are the prime factors of 2503648640?
2, 5, 47, 83233
List the prime factors of 1973461.
7, 281923
List the prime factors of 75551489.
13, 61, 95273
What are the prime factors of 52414247?
17, 3083191
What are the prime factors of 95189369?
11, 101, 7789
List the prime factors of 2636594285.
5, 13, 37, 307, 3571
What are the prime factors of 7847443?
7847443
What are the prime factors of 841281961?
13, 64713997
List the prime factors of 761903699.
47, 67, 241951
What are the prime factors of 142940188?
2, 29, 1232243
List the prime factors of 4342396.
2, 53, 20483
List the prime factors of 4563842103.
3, 31, 5452619
What are the prime factors of 2195754?
2, 3, 11, 17, 19, 103
List the prime factors of 841486920.
2, 3, 5, 7012391
List the prime factors of 64245671.
7, 31, 149, 1987
What are the prime factors of 1463751590?
2, 5, 7, 101, 207037
What are the prime factors of 11893590?
2, 3, 5, 132151
What are the prime factors of 304048191?
3, 101349397
What are the prime factors of 163357679?
163357679
What are the prime factors of 3134134189?
19, 61, 347, 7793
List the prime factors of 29813083.
23, 37, 53, 661
What are the prime factors of 226830315?
3, 5, 29, 17981
What are the prime factors of 2760464811?
3, 13, 17, 4163597
List the prime factors of 63664937.
7, 9094991
What are the prime factors of 13003999?
19, 383, 1787
List the prime factors of 206157704.
2, 53, 486221
What are the prime factors of 244656738?
2, 3, 13592041
List the prime factors of 485374909.
485374909
List the prime factors of 1311865571.
17, 131, 457, 1289
What are the prime factors of 4625040?
2, 3, 5, 7, 2753
List the prime factors of 239665745.